be (-10)/(-4)*(-42)/(-35). Suppose -4 = -4*j - t*o, 3*o = -0*o - 12. What is the units digit of j?
4
Suppose x - j + 58 = -0*j, j = -x - 50. Let d = -29 - x. What is the tens digit of d?
2
Suppose -3*i - 56 = -5*i. What is the tens digit of i?
2
Suppose -m = 2*m - 9. Let t = 16 + m. What is the units digit of t?
9
Let s = 38 + -35. What is the units digit of s?
3
Let a(r) = -11*r - 12. Let j(s) = -s - 12. Let k be j(-7). What is the units digit of a(k)?
3
Let b(u) = -u + 2. Let l be b(-4). What is the units digit of (-2 + 14/l)*9?
3
Let n(m) = m**3 - 2*m + 1 - 2*m**2 + m**2 + 0*m**2 + 3*m**2. What is the tens digit of n(2)?
1
Let b = 10 - 16. Let y be 1*b/9*-6. Suppose 0*c = 5*c + 5*i - 25, 0 = 2*c - 5*i + y. What is the units digit of c?
3
Let k(h) = -h**3 + 4*h**2 - 4*h - 2. Let g be k(5). Let u = g + 71. What is the units digit of u?
4
Let m(j) = j**3 - 3*j**2 - j + 2. Let h be m(3). Let s = h + 1. Suppose s*z = z - g + 2, 14 = 2*z + 4*g. What is the units digit of z?
1
Suppose 10 = 2*h, 0*d = -4*d + h - 21. Let c = 1 + d. Let m = 5 + c. What is the units digit of m?
2
Suppose -2*d + 38 = 5*h, -3*h + 28 = -7*d + 3*d. What is the units digit of h?
8
Let n(u) = -u**2 + 2*u + 4. Let h be n(4). Let x = 42 + h. What is the tens digit of x?
3
Let p(r) = r + 4. What is the units digit of p(10)?
4
Let f(z) = z + 14. Let q be f(-10). Let x(d) = 2*d**2 - 2. Let m be x(-2). Suppose -4*g + 16 = q*v, -m*g = -2*v - g - 6. What is the units digit of v?
2
Let p = 40 - 10. What is the units digit of p?
0
Let j be 0 + -1 - 1 - -2. Let r = 3 + j. Suppose -t + r = -4. What is the units digit of t?
7
What is the tens digit of 27*3 - (0 + 1 + -2)?
8
Suppose -4*t + 21 = 5. Suppose -2*y + 2*j - t = -0*j, 5*y + 5*j = 30. Suppose -y*n = n + s - 29, s = 5. What is the units digit of n?
8
Suppose 5*b = 4 + 6. Suppose -a + 1 = 3*x, 4*a + a = -3*x + 5. Let g = b - a. What is the units digit of g?
1
Suppose -4*f = -5*g - 22, 2*g + 3*f = 8 - 3. Let t(q) = 11*q**2 - 3*q - 3. What is the units digit of t(g)?
7
Let t(v) = v**2 - 4*v - 1. Let x be t(4). What is the tens digit of (9 - -5) + (-3 - x)?
1
Let u(g) = -g**3 + g. Let r be u(0). Suppose r = 4*n - 3*y - 21, -4*n + n = -5*y - 24. Let a = n + 2. What is the units digit of a?
5
Let r(o) = o**3 + 16*o**2 + 25*o - 40. What is the hundreds digit of r(-13)?
1
Suppose 6 = f - 3*d, 5*f = 4*f - 3*d + 18. Suppose -h - f = h. Let g = h - -14. What is the units digit of g?
8
Suppose 3*z - 354 = 327. What is the tens digit of z?
2
Let g = -60 + 91. What is the tens digit of g?
3
Let g(d) = 14*d - 8. What is the tens digit of g(4)?
4
Let k = 0 - 2. Let b = 14 - k. What is the units digit of b?
6
Let f = -67 + 43. Let s = -15 - f. What is the units digit of s?
9
Let v = 40 + -16. Let r = v - 18. What is the units digit of r?
6
Let q = 137 - 81. Suppose 4*x - 8*x - 4*j = -q, -2*x + 3 = -3*j. What is the units digit of x?
9
Suppose 6 = c - 9. What is the tens digit of c*8/(-36)*-3?
1
Suppose 24 = c - 3*p, 2*p - 5 = -3*p. Suppose c + 27 = 2*o. What is the tens digit of o?
2
Suppose -6 = 5*a + 4. Let c be (16/10)/(a/(-10)). Let r(j) = -j**3 + 8*j**2 + 2*j - 12. What is the units digit of r(c)?
4
Let d(h) = -h + 5. Let f(m) be the second derivative of -m**5/20 - m**4/4 + 5*m**3/6 + 2*m**2 - m. Let g be f(-4). What is the units digit of d(g)?
5
Let d(t) = t**3 - 9*t**2 + 9*t - 2. Let v be d(7). Let p = v + 56. What is the tens digit of p?
1
Suppose 0 = -4*n - n + 10. Let c be (n + -8)*6/4. What is the units digit of 1*(-1 + 0) - c?
8
Suppose -k - 10 = -5*d + 2*k, -5*k = 0. Suppose -5*n + d*q + 20 = 0, 2*n = -4*q + 3*q + 8. Suppose y = -n*y + 25. What is the units digit of y?
5
Let b(k) = 5*k - 12. Let g be b(6). Let q = 35 - g. What is the tens digit of q?
1
Let l be 65/(-25) + 4/(-10). Let h be l/(2 + -5)*17. Suppose -h + 7 = -5*j. What is the units digit of j?
2
Let w(a) = a**2 + 2*a + 1. Let h be w(-3). Suppose h*n - 4*k - 32 = 0, -k - 5 = 3*n - 13. What is the units digit of (6/n)/(6/32)?
8
Let r(i) = -3*i - 9. Suppose -4*l + 6 = -2*w, 13 = -3*l + 2*w + 3*w. Suppose 0 = -3*j - 14 - l. What is the units digit of r(j)?
9
Suppose -217 = -5*t - 4*j, 2*j = -j - 6. What is the units digit of t?
5
Let g be 372/8 + 1/2. Suppose 3*n - 5*v + 4 + 37 = 0, -3*v = -5*n - g. Let y(i) = -2*i + 2. What is the units digit of y(n)?
6
Suppose 4*b = -3*c, 0 = -3*c + b + 4*b. Let t be ((c + 0)/1)/(-2). Suppose 2*g - 22 - 4 = t. What is the units digit of g?
3
Let m(c) = 21*c + 1. Let w be m(1). Suppose -5*u + 92 - w = 0. What is the tens digit of u?
1
Suppose 13*b + 122 = 14*b. What is the units digit of b?
2
Suppose 4*m = 36 - 4. Suppose -a - a = -m. Let i = -3 + a. What is the units digit of i?
1
Suppose -m = f + 1, 2*f + 2 = m + 9. Suppose 5*r + 13 = -f. What is the units digit of 0/4 - 2*r?
6
Let y(k) be the first derivative of -1 - 3/2*k**2 - 6*k. What is the units digit of y(-5)?
9
Let n(z) = 2*z**2 + 10*z - 8. What is the units digit of n(-10)?
2
Let u = 5 + 0. Let d(v) = 8*v + 2. Let z be d(u). Suppose 4*p - z = -10. What is the units digit of p?
8
Let n = 62 + -60. What is the units digit of n?
2
Suppose -2 = a - 2*a. Let f(t) = -t - 3. Let u(c) = -c - 6. Let r(z) = -11*f(z) + 6*u(z). What is the units digit of r(a)?
7
Let m(p) = -p**3 - 17*p**2 + 18*p + 12. What is the tens digit of m(-18)?
1
Suppose 0 = -5*z + 41 - 1. Suppose z = -2*n + 20. Suppose 0 = -0*h - 2*h + n. What is the units digit of h?
3
Let k = 1 + 2. Let s = 27 + k. What is the tens digit of s?
3
Let o(h) = 2*h**2 - h - 2. Let w be o(2). Suppose 2*t = w*t + 8. What is the units digit of (2/(-1) - t) + -1?
1
What is the units digit of -3*(-3 - (-475)/(-15))?
4
Let u(t) = t**2 + t + 1. What is the units digit of u(4)?
1
Let b be 154/10 - 8/20. Suppose -2*u + 4*s - s = 0, 3*u - b = -3*s. What is the units digit of u?
3
Suppose -2*x + 2 = -6. Suppose x*m = g + 12, 3*g = 4*m + 5*g - 24. Suppose -3*v = -m - 11. What is the units digit of v?
5
Let q(n) be the third derivative of n**4/12 + 2*n**3/3 + n**2. What is the units digit of q(5)?
4
Suppose -5 = -3*q + 1. Suppose 2*w - 10 = 0, -4*z + 2*z + q*w - 2 = 0. What is the units digit of z?
4
Let x(g) = 26*g - 23. What is the hundreds digit of x(6)?
1
Let c(l) = -l**2 + 10*l + 1. Let r be c(5). Suppose -2*p = 2*w - r, 2*p = 3*w - 0*w - 49. What is the units digit of w?
5
Let z(i) = 15*i**2 + 3*i. What is the units digit of z(-2)?
4
Let j(h) = h**3 + 0*h**2 - 3*h**2 + h**3 + h + 2. Let q(v) = 2*v - 6. Let c be q(4). What is the units digit of j(c)?
8
Let i be 3/(1/(-4)*3). Let x be ((-4)/2)/(2/i). Let q = -1 + x. What is the units digit of q?
3
Let l = 19 - 11. Suppose 0 = 2*s + 2*x, 0 = -2*s - 4*x - 2 + l. What is the units digit of (s - -2) + (-3)/(-1)?
2
Let n(x) = -x**3 + 4*x**2 + 2*x - 1. What is the units digit of n(2)?
1
Let x be -1 + 1 + -1 + 15. Let y be (0 + 1)*2 + -2. Suppose y = -3*t + t + x. What is the units digit of t?
7
Let c = 37 + -8. Let t = 49 - c. What is the tens digit of t?
2
Let g(x) = x**3 + 4*x**2 - 3. Let f be g(-4). What is the units digit of ((-12)/(-18))/((-1)/f)?
2
Let h = 0 + 4. Suppose -1 = 2*o - 3*o + 5*a, -59 = h*o + a. Let t = o + 23. What is the units digit of t?
9
Let m(s) = 1 + 2*s + 0*s - 6 + s. What is the tens digit of m(5)?
1
Let k(l) = 2*l**2 + 4*l + 2. Let v be k(-2). Let g be -2*(4/2)/v. Let u(t) = t**2 + 1. What is the units digit of u(g)?
5
Suppose -2*c + 2*t + 0*t = -18, -5*c - 2*t = -10. Suppose s - 165 = -2*v, 0 = -c*v - 3*s + 85 + 250. Suppose -v = -7*j + 2*j. What is the tens digit of j?
1
Let o(d) = 22*d + 6. What is the units digit of o(12)?
0
Suppose 0 = p + p + 6, -5*i + 126 = -2*p. Suppose 5*s - i = 2*s. What is the units digit of s?
8
Suppose 3*g - 9 = 0, -5*s - g = g - 586. What is the units digit of s?
6
Suppose -5*d + 4*u + 4 = 0, -2*d - 5*u + 3*u = -16. Suppose -3*q - r = -123, 3*q - 2*r - 194 = -2*q. Suppose l - q = -d*l. What is the units digit of l?
8
Let w(m) = 10*m - 8. What is the units digit of w(6)?
2
Suppose 7*f = 4*f - 9. Let z = 3 + f. Suppose 4*v = -i + 29, v - 5 = -z*v + 2*i. What is the units digit of v?
7
Let u(d) be the second derivative of -3*d + 4/5*d**5 + 0 + 1/6*d**4 + 0*d**2 - 1/6*d**3. What is the units digit of u(1)?
7
Let k = 104 + -65. What is the uni